{"id":870,"date":"2023-04-09T14:36:05","date_gmt":"2023-04-09T14:36:05","guid":{"rendered":"https:\/\/diazortizediciones.com\/?page_id=870"},"modified":"2023-09-06T19:16:29","modified_gmt":"2023-09-06T19:16:29","slug":"editorial","status":"publish","type":"page","link":"https:\/\/diazortizediciones.com\/eng\/editorial\/","title":{"rendered":"About"},"content":{"rendered":"<div data-elementor-type=\"wp-page\" data-elementor-id=\"870\" class=\"elementor elementor-870\" data-elementor-post-type=\"page\">\n\t\t\t\t\t\t<section class=\"elementor-section elementor-top-section elementor-element elementor-element-67e1d877 elementor-section-stretched elementor-section-full_width elementor-section-height-default elementor-section-height-default\" data-id=\"67e1d877\" data-element_type=\"section\" data-settings=\"{&quot;stretch_section&quot;:&quot;section-stretched&quot;,&quot;background_background&quot;:&quot;classic&quot;}\">\n\t\t\t\t\t\t<div class=\"elementor-container elementor-column-gap-no\">\n\t\t\t\t\t<div class=\"elementor-column elementor-col-100 elementor-top-column elementor-element elementor-element-fdb78a8\" data-id=\"fdb78a8\" data-element_type=\"column\">\n\t\t\t<div class=\"elementor-widget-wrap elementor-element-populated\">\n\t\t\t\t\t\t<div class=\"elementor-element elementor-element-3ff919ea elementor--h-position-center elementor--v-position-middle elementor-widget elementor-widget-slides\" data-id=\"3ff919ea\" data-element_type=\"widget\" data-settings=\"{&quot;navigation&quot;:&quot;none&quot;,&quot;autoplay_speed&quot;:2500,&quot;transition&quot;:&quot;fade&quot;,&quot;transition_speed&quot;:600,&quot;autoplay&quot;:&quot;yes&quot;,&quot;pause_on_interaction&quot;:&quot;yes&quot;,&quot;infinite&quot;:&quot;yes&quot;}\" data-widget_type=\"slides.default\">\n\t\t\t\t<div class=\"elementor-widget-container\">\n\t\t\t<style>\/*! elementor-pro - v3.23.0 - 05-08-2024 *\/\n.elementor-slides .swiper-slide-bg{background-size:cover;background-position:50%;background-repeat:no-repeat;min-width:100%;min-height:100%}.elementor-slides .swiper-slide-inner{background-repeat:no-repeat;background-position:50%;position:absolute;top:0;left:0;bottom:0;right:0;padding:50px;margin:auto}.elementor-slides .swiper-slide-inner,.elementor-slides .swiper-slide-inner:hover{color:#fff;display:flex}.elementor-slides .swiper-slide-inner .elementor-background-overlay{position:absolute;z-index:0;top:0;bottom:0;left:0;right:0}.elementor-slides .swiper-slide-inner .elementor-slide-content{position:relative;z-index:1;width:100%}.elementor-slides .swiper-slide-inner .elementor-slide-heading{font-size:35px;font-weight:700;line-height:1}.elementor-slides .swiper-slide-inner .elementor-slide-description{font-size:17px;line-height:1.4}.elementor-slides .swiper-slide-inner .elementor-slide-description:not(:last-child),.elementor-slides .swiper-slide-inner .elementor-slide-heading:not(:last-child){margin-bottom:30px}.elementor-slides .swiper-slide-inner .elementor-slide-button{border:2px solid #fff;color:#fff;background:transparent;display:inline-block}.elementor-slides .swiper-slide-inner .elementor-slide-button,.elementor-slides .swiper-slide-inner .elementor-slide-button:hover{background:transparent;color:inherit;text-decoration:none}.elementor--v-position-top .swiper-slide-inner{align-items:flex-start}.elementor--v-position-bottom .swiper-slide-inner{align-items:flex-end}.elementor--v-position-middle .swiper-slide-inner{align-items:center}.elementor--h-position-left .swiper-slide-inner{justify-content:flex-start}.elementor--h-position-right .swiper-slide-inner{justify-content:flex-end}.elementor--h-position-center .swiper-slide-inner{justify-content:center}body.rtl .elementor-widget-slides .elementor-swiper-button-next{left:10px;right:auto}body.rtl .elementor-widget-slides .elementor-swiper-button-prev{right:10px;left:auto}.elementor-slides-wrapper div:not(.swiper-slide)>.swiper-slide-inner{display:none}@media (max-width:767px){.elementor-slides .swiper-slide-inner{padding:30px}.elementor-slides .swiper-slide-inner .elementor-slide-heading{font-size:23px;line-height:1;margin-bottom:15px}.elementor-slides .swiper-slide-inner .elementor-slide-description{font-size:13px;line-height:1.4;margin-bottom:15px}}<\/style>\t\t<div class=\"elementor-swiper\">\n\t\t\t<div class=\"elementor-slides-wrapper elementor-main-swiper swiper\" dir=\"ltr\" data-animation=\"fadeInUp\">\n\t\t\t\t<div class=\"swiper-wrapper elementor-slides\">\n\t\t\t\t\t\t\t\t\t\t<div class=\"elementor-repeater-item-1ad01ad swiper-slide\"><div class=\"swiper-slide-bg\" role=\"img\"><\/div><div class=\"swiper-slide-inner\" ><div class=\"swiper-slide-contents\"><\/div><\/div><\/div>\t\t\t\t<\/div>\n\t\t\t\t\t\t\t<\/div>\n\t\t<\/div>\n\t\t\t\t<\/div>\n\t\t\t\t<\/div>\n\t\t\t\t\t<\/div>\n\t\t<\/div>\n\t\t\t\t\t<\/div>\n\t\t<\/section>\n\t\t\t\t<section class=\"elementor-section elementor-top-section elementor-element elementor-element-5c33a71 elementor-section-boxed elementor-section-height-default elementor-section-height-default elementor-invisible\" data-id=\"5c33a71\" data-element_type=\"section\" data-settings=\"{&quot;background_background&quot;:&quot;classic&quot;,&quot;animation&quot;:&quot;fadeIn&quot;}\">\n\t\t\t\t\t\t<div class=\"elementor-container elementor-column-gap-default\">\n\t\t\t\t\t<div class=\"elementor-column elementor-col-100 elementor-top-column elementor-element elementor-element-0e06489\" data-id=\"0e06489\" data-element_type=\"column\">\n\t\t\t<div class=\"elementor-widget-wrap elementor-element-populated\">\n\t\t\t\t\t\t<div class=\"elementor-element elementor-element-fb485f5 elementor-widget elementor-widget-text-editor\" data-id=\"fb485f5\" data-element_type=\"widget\" data-widget_type=\"text-editor.default\">\n\t\t\t\t<div class=\"elementor-widget-container\">\n\t\t\t<style>\/*! elementor - v3.23.0 - 05-08-2024 *\/\n.elementor-widget-text-editor.elementor-drop-cap-view-stacked .elementor-drop-cap{background-color:#69727d;color:#fff}.elementor-widget-text-editor.elementor-drop-cap-view-framed .elementor-drop-cap{color:#69727d;border:3px solid;background-color:transparent}.elementor-widget-text-editor:not(.elementor-drop-cap-view-default) .elementor-drop-cap{margin-top:8px}.elementor-widget-text-editor:not(.elementor-drop-cap-view-default) .elementor-drop-cap-letter{width:1em;height:1em}.elementor-widget-text-editor .elementor-drop-cap{float:left;text-align:center;line-height:1;font-size:50px}.elementor-widget-text-editor .elementor-drop-cap-letter{display:inline-block}<\/style>\t\t\t\t<p>The publishing house began in 1998, when Ezequiel D\u00edaz Ortiz, an Argentine designer and editor, created CMYK, a communication studio based in Buenos Aires specializing in cultural production and the design of art books and exhibitions. Since then, D\u00edaz Ortiz and his team have built a long career designing for renowned visual artists, photographers, museums and institutions.<br>\nAmong his best publications are the catalogs of the art exhibition \u201cA Cole\u00e7\u00e3o Costantini no MAM\u201d in Rio de Janeiro and S\u00e3o Paulo, Brazil, which portray some of the most important Latin American art pieces from the Eduardo Costantini collection.<br><br>\nIn 2014, he was in charge of the edition of Letras Argentinas en Francia \/ Lettres Fran\u00e7aises en Argentine, a book that represented Argentina, the guest of honor of \u201cLe Salon du Livre de Paris\u201d.\nAt that time, Ezequiel D\u00edaz Ortiz was called to work in the graphic design and communication of cultural events for the Argentine Embassy in London, such as the \"Open House - Textile Art of Argentina\" and the photography book by Marcos Zimmerman, a tribute to the first Welsh settlement in Argentina, presented at the Palace of Westminster in 2015.<br>\nPor entonces, Ezequiel D\u00edaz Ortiz fue convocado a trabajar en el dise\u00f1o gr\u00e1fico y la comunicaci\u00f3n de eventos culturales para la Embajada Argentina en Londres, como el \u201cOpen House &#8211; Textile Art of Argentina\u201d y el libro de fotograf\u00eda de Marcos Zimmerman, homenaje al primer asentamiento gal\u00e9s en la Argentina, presentado en el Palacio de Westminster en 2015.<br><br>\nThe editorial team has worked on various editions of books with the prestigious Argentine photographers Facundo de Zuvir\u00eda and Sara Facio. Together with Sara, Ezequiel designed the book Annemarie Heinrich, a tribute to Facio's teacher and mentor.<br><br>\nIn 2018, D\u00edaz Ortiz was editorial director and designer of the book Kavanagh Buenos Aires, the first monographic book published on this emblematic building in the city. Other titles by prominent artists are part of the editorial catalogue, such as the books by Luis Gowland Moreno, Norma Bessouet and Gabriela Aberastury.<br><br>\nlso in 2021, the book The Story Behind Recruits, by Zelmira Frers, printed in Europe and presented in Saint-Tropez and Buenos Aires.<br><br>\nIn 2023, CMYK Buenos Aires becomes Diaz Ortiz Ediciones, with an excellent work team and a renewed publication calendar. The work of D\u00edaz Ortiz Ediciones has been widely recognized in Argentina, Brazil, the United States of America, France and the United Kingdom.<\/p>\t\t\t\t\t\t<\/div>\n\t\t\t\t<\/div>\n\t\t\t\t\t<\/div>\n\t\t<\/div>\n\t\t\t\t\t<\/div>\n\t\t<\/section>\n\t\t\t\t<\/div>","protected":false},"excerpt":{"rendered":"<p>La editorial se inici\u00f3 en 1998, cuando Ezequiel D\u00edaz Ortiz, dise\u00f1ador y editor argentino, cre\u00f3 CMYK, un estudio de comunicaci\u00f3n con sede en Buenos Aires especializado en la producci\u00f3n cultural y el dise\u00f1o de libros de arte y exposiciones. Desde entonces, D\u00edaz Ortiz y su equipo construyeron una larga trayectoria dise\u00f1ando para reconocidos artistas visuales, &hellip;<\/p>\n<p class=\"read-more\"> <a class=\"\" href=\"https:\/\/diazortizediciones.com\/eng\/editorial\/\"> <span class=\"screen-reader-text\">About<\/span> Read More &raquo;<\/a><\/p>","protected":false},"author":1,"featured_media":0,"parent":0,"menu_order":0,"comment_status":"closed","ping_status":"closed","template":"elementor_header_footer","meta":{"site-sidebar-layout":"no-sidebar","site-content-layout":"page-builder","ast-global-header-display":"disabled","ast-main-header-display":"","ast-hfb-above-header-display":"","ast-hfb-below-header-display":"","ast-hfb-mobile-header-display":"","site-post-title":"disabled","ast-breadcrumbs-content":"","ast-featured-img":"disabled","footer-sml-layout":"disabled","theme-transparent-header-meta":"","adv-header-id-meta":"","stick-header-meta":"","header-above-stick-meta":"","header-main-stick-meta":"","header-below-stick-meta":"","footnotes":""},"class_list":["post-870","page","type-page","status-publish","hentry"],"_links":{"self":[{"href":"https:\/\/diazortizediciones.com\/eng\/wp-json\/wp\/v2\/pages\/870","targetHints":{"allow":["GET"]}}],"collection":[{"href":"https:\/\/diazortizediciones.com\/eng\/wp-json\/wp\/v2\/pages"}],"about":[{"href":"https:\/\/diazortizediciones.com\/eng\/wp-json\/wp\/v2\/types\/page"}],"author":[{"embeddable":true,"href":"https:\/\/diazortizediciones.com\/eng\/wp-json\/wp\/v2\/users\/1"}],"replies":[{"embeddable":true,"href":"https:\/\/diazortizediciones.com\/eng\/wp-json\/wp\/v2\/comments?post=870"}],"version-history":[{"count":28,"href":"https:\/\/diazortizediciones.com\/eng\/wp-json\/wp\/v2\/pages\/870\/revisions"}],"predecessor-version":[{"id":2414,"href":"https:\/\/diazortizediciones.com\/eng\/wp-json\/wp\/v2\/pages\/870\/revisions\/2414"}],"wp:attachment":[{"href":"https:\/\/diazortizediciones.com\/eng\/wp-json\/wp\/v2\/media?parent=870"}],"curies":[{"name":"wp","href":"https:\/\/api.w.org\/{rel}","templated":true}]}}